git of 22668?
2
What is the units digit of 268?
8
What is the hundreds digit of 14276?
2
What is the tens digit of 1305?
0
What is the hundreds digit of 29304?
3
What is the hundreds digit of 9819?
8
What is the thousands digit of 21400?
1
What is the hundreds digit of 162?
1
What is the tens digit of 48611?
1
What is the units digit of 248?
8
What is the tens digit of 1057?
5
What is the hundreds digit of 2950?
9
What is the thousands digit of 21912?
1
What is the tens digit of 37575?
7
What is the hundreds digit of 60851?
8
What is the units digit of 668?
8
What is the tens digit of 513?
1
What is the hundreds digit of 855?
8
What is the units digit of 6914?
4
What is the hundreds digit of 22068?
0
What is the tens digit of 2418?
1
What is the hundreds digit of 33620?
6
What is the thousands digit of 27353?
7
What is the thousands digit of 15751?
5
What is the units digit of 6521?
1
What is the hundreds digit of 14597?
5
What is the hundreds digit of 382?
3
What is the tens digit of 238?
3
What is the thousands digit of 71256?
1
What is the units digit of 1867?
7
What is the units digit of 7571?
1
What is the thousands digit of 2800?
2
What is the hundreds digit of 15369?
3
What is the thousands digit of 1430?
1
What is the units digit of 1312?
2
What is the tens digit of 186?
8
What is the units digit of 3144?
4
What is the hundreds digit of 2854?
8
What is the hundreds digit of 1188?
1
What is the ten thousands digit of 11549?
1
What is the tens digit of 3296?
9
What is the hundreds digit of 1093?
0
What is the thousands digit of 17199?
7
What is the units digit of 39077?
7
What is the hundreds digit of 42953?
9
What is the tens digit of 907?
0
What is the thousands digit of 2507?
2
What is the hundreds digit of 43439?
4
What is the tens digit of 73070?
7
What is the units digit of 4859?
9
What is the units digit of 76?
6
What is the thousands digit of 2317?
2
What is the tens digit of 51802?
0
What is the tens digit of 1858?
5
What is the tens digit of 13360?
6
What is the tens digit of 3181?
8
What is the tens digit of 505?
0
What is the hundreds digit of 3066?
0
What is the hundreds digit of 28336?
3
What is the hundreds digit of 9285?
2
What is the units digit of 158491?
1
What is the ten thousands digit of 22301?
2
What is the units digit of 2642?
2
What is the tens digit of 480?
8
What is the hundreds digit of 56797?
7
What is the thousands digit of 127515?
7
What is the tens digit of 1504?
0
What is the thousands digit of 7559?
7
What is the hundreds digit of 16913?
9
What is the ten thousands digit of 59442?
5
What is the tens digit of 5646?
4
What is the units digit of 8341?
1
What is the units digit of 3627?
7
What is the thousands digit of 9587?
9
What is the ten thousands digit of 58836?
5
What is the tens digit of 8182?
8
What is the tens digit of 58804?
0
What is the thousands digit of 8980?
8
What is the thousands digit of 6396?
6
What is the hundreds digit of 719?
7
What is the units digit of 2472?
2
What is the units digit of 5637?
7
What is the units digit of 3416?
6
What is the hundreds digit of 1048?
0
What is the hundreds digit of 122?
1
What is the hundreds digit of 10027?
0
What is the hundreds digit of 27775?
7
What is the thousands digit of 13352?
3
What is the thousands digit of 34600?
4
What is the hundreds digit of 2232?
2
What is the thousands digit of 85950?
5
What is the thousands digit of 4962?
4
What is the tens digit of 906?
0
What is the thousands digit of 3728?
3
What is the hundreds digit of 13864?
8
What is the thousands digit of 6190?
6
What is the hundreds digit of 9547?
5
What is the units digit of 28285?
5
What is the ten thousands digit of 62152?
6
What is the thousands digit of 56990?
6
What is the thousands digit of 44447?
4
What is the tens digit of 11312?
1
What is the hundreds digit of 8214?
2
What is the thousands digit of 13398?
3
What is the units digit of 45957?
7
What is the thousands digit of 9318?
9
What is the ten thousands digit of 57813?
5
What is the hundreds digit of 1196?
1
What is the hundreds digit of 3801?
8
What is the hundred thousands digit of 120616?
1
What is the thousands digit of 1248?
1
What is the hundreds digit of 8785?
7
What is the tens digit of 192?
9
What is the thousands digit of 2089?
2
What is the hundreds digit of 629?
6
What is the hundreds digit of 142104?
1
What is the hundreds digit of 1676?
6
What is the thousands digit of 49091?
9
What is the units digit of 31?
1
What is the tens digit of 8102?
0
What is the tens digit of 33898?
9
What is the units digit of 1619?
9
What is the hundreds digit of 145845?
8
What is the hundreds digit of 106871?
8
What is the thousands digit of 40929?
0
What is the hundreds digit of 109?
1
What is the thousands digit of 54601?
4
What is the units digit of 566?
6
What is the tens digit of 103969?
6
What is the hundreds digit of 9584?
5
What is the units digit of 502?
2
What is the tens digit of 1054?
5
What is the tens digit of 1262?
6
What is the thousands digit of 4165?
4
What is the hundreds digit of 102643?
6
What is the ten thousands digit of 58958?
5
What is the tens digit of 39624?
2
What is the units digit of 1943?
3
What is the units digit of 30976?
6
What is the hundreds digit of 19505?
5
What is the hundreds digit of 4189?
1
What is the tens digit of 1340?
4
What is the hundreds digit of 421?
4
What is the tens digit of 2785?
8
What is the tens digit of 11331?
3
What is the hundreds digit of 3406?
4
What is the units digit of 3415?
5
What is the hundreds digit of 1159?
1
What is the units digit of 45693?
3
What is the hundreds digit of 3309?
3
What is the units digit of 750?
0
What is the tens digit of 474?
7
What is the hundreds digit of 3854?
8
What is the thousands digit of 45157?
5
What is the tens digit of 28065?
6
What is the hundreds digit of 359?
3
What is the thousands digit of 3101?
3
What is the hundreds digit of 1978?
9
What is the hundreds digit of 1958?
9
What is the hundreds digit of 2275?
2
What is the hundreds digit of 5677?
6
What is the hundreds digit of 34549?
5
What is the units digit of 114020?
0
What is the units digit of 3206?
6
What is the units digit of 928?
8
What is the tens digit of 58010?
1
What is the units digit of 356?
6
What is the units digit of 7222?
2
What is the units digit of 7051?
1
What is the units digit of 21?
1
What is the ten thousands digit of 50869?
5
What is the units digit of 1992?
2
What is the hundreds digit of 203?
2
What is the units digit of 3637?
7
What is the thousands digit of 3567?
3
What is the thousands digit of 10270?
0
What is the thousands digit of 45212?
5
What is the thousands digit of 7891?
7
What is the units digit of 13317?
7
What is the tens digit of 1925?
2
What is the hundreds digit of 3931?
9
What is the hundreds digit of 61085?
0
What is the tens digit of 30507?
0
What is the units digit of 1087?
7
What is the ten thousands digit of 67601?
6
What is the ten thousands digit of 26748?
2
What is the tens digit of 812?
1
What is the thousands digit of 12521?
2
What is the ten thousands digit of 18203?
1
What is the units digit of 13325?
5
What is the units digit of 137003?
3
What is the hundreds digit of 23172?
1
What is the ten thousands digit of 11157?
1
What is the hundreds digit of 32689?
6
What is the thousands digit of 6483?
6
What is the tens digit of 24820?
2
What is the hundreds digit of 1251?
2
What is the thousands digit of 3073?
3
What is the units digit of 202?
2
What is the hundreds digit of 215?
2
What is the tens digit of 2920?
2
What is the hundreds digit of 22575?
5
What is the units digit of 32851?
1
What is the units digit of 7229?
9
What is the tens digit of 234?
3
What is the units digit of 2?
2
What is the thousands digit of 1140?
1
What is the thousands digit of 138675?
8
What is the units digit of 1809?
9
What is the units digit of 405?
5
What is the ten thousands digit of 22697?
2
What is the units digit of 2513?
3
What is the ten thousands digit of 13024?
1
What is the thousands digit of 27732?
7
What is the tens digit of 21249?
4
What is the thousands digit of 100236?
0
What is the hundreds digit of 981?
9
What is the units digit of 1276?
6
What is the tens digit of 60123?
2
What is the tens digit of 1715?
1
What 